 4*d - 95. Suppose 18*l - 641 = -d. What is the highest common divisor of l and 110?
10
Let c be (714/(6 + -3))/(18 + -16). Suppose -28*z - c = -35*z. Let g be (-69)/(-2) + 1/(-2). Calculate the highest common factor of g and z.
17
Let u = -3553 + 5244. Calculate the highest common divisor of u and 513.
19
Suppose 0 = -2*s + 3*l + 75, 11*s - 16*s - 9*l = -171. Calculate the highest common divisor of s and 9036.
36
Suppose 0 = 89*p - 79*p - 1717 - 683. Let t = -36 + 51. Calculate the greatest common divisor of p and t.
15
Let f be 0 + (-140)/42*-150. What is the greatest common factor of f and 4?
4
Suppose -4*k - 924 = -232. Let o = -46 - k. Let c = o + -31. Calculate the greatest common factor of 16 and c.
16
Let h(b) = -10*b**2 + 52*b + 482. Let z be h(10). Calculate the highest common factor of z and 326.
2
Suppose 0 = 3*d - 2*l + 7, -d - 12 - 7 = -4*l. Let x = -1825 + 1843. Calculate the greatest common factor of d and x.
1
Let l be 4131/(-6) + -5 + 26/4. Let s = l + 703. Let a be (8/(-3))/(2/(-42)). What is the highest common factor of s and a?
8
Let v(z) = -2*z**3 + 144*z**2 - 415*z + 78. Let q be v(69). Let c = -13 - -112. Calculate the highest common divisor of q and c.
9
Let y be 440/33*-2*9/(-12). Suppose -i - f + y = 0, i = 6*i - 2*f - 135. Calculate the highest common factor of i and 75.
25
Let t(m) = 24*m**2 - 89*m + 45. Let c be t(6). Calculate the greatest common divisor of 240 and c.
15
Suppose 15*m - 18*m - 6 = 0, 4*a - 320 = -2*m. What is the greatest common divisor of 2349 and a?
81
Suppose -y + 4*y + 85 = 4*t, 2*t - 49 = -5*y. Suppose 3*m + 500 = 2*i, 34*m + 498 = 2*i + 30*m. What is the highest common divisor of t and i?
11
Suppose 7*y = 2*y + 165. Suppose 5*i = -3*s + 335, 10*s - 14*s = 4*i - 444. Suppose 354*n = 349*n + s. What is the greatest common factor of y and n?
11
Let f(o) = -2*o**3 - 21*o**2 - 13*o - 30. Let u be f(-10). Suppose u = -7*h - 130 + 298. What is the highest common divisor of h and 8?
8
Let f(u) = 39*u**2 - 5*u + 4. Let t(r) = r**2 + 9*r + 2. Let k be t(-9). Let m be f(k). Suppose m = 4*c + 30. Calculate the greatest common divisor of c and 20.
10
Let v be ((-2)/(-8))/((-97)/(-5091724)). What is the greatest common divisor of 11 and v?
11
Suppose 63 - 192 = -3*h. Let b be 2/(-13) + 28/182. Suppose b = n - 72 - 272. Calculate the highest common divisor of n and h.
43
Let t be (-4)/(-5) + 5916/(-170). Let c be (-3 - t/8)/(23/92). Let j be 165/(-12)*(-8)/2. Calculate the greatest common divisor of j and c.
5
Let u = 96 + -67. Let v = u - 27. Suppose -s = 3*g - 5 - 2, -3*g - 5*s = -11. Calculate the highest common factor of g and v.
2
Suppose -170350 - 614744 = -179*s. Calculate the highest common divisor of s and 102.
102
Let n = 248 + -185. Let w = n - 62. What is the greatest common divisor of 10 and w?
1
Let m(p) = -3*p**2 + 48*p + 4. Let a be m(16). Suppose -1221 = -3*f + a*y, -5*f = -y - 546 - 1489. Calculate the highest common factor of 37 and f.
37
Suppose -3 - 120 = -3*z. Let i = 41 - z. Suppose i = -70*o + 73*o - 36. Calculate the greatest common divisor of 12 and o.
12
Suppose 4*w + 33*k - 28*k - 145 = 0, 80 = 3*w - 2*k. Let a = -19 - -24. What is the highest common divisor of a and w?
5
Let o(m) = -m**3 - 7*m**2 - 10*m - 22. Let c be o(-6). Suppose -6*w + c*w - 60 = -2*z, 3*z - 85 = w. What is the highest common divisor of 154 and z?
14
Suppose -130*l + 62296 = 13546. Calculate the highest common divisor of l and 40.
5
Let z = 9 - -24. Let x(y) = -43*y + 1. Suppose -4*i + 5*v + 6 = 0, -2*v - 13 + 10 = -i. Let t be x(i). What is the greatest common divisor of z and t?
11
Let b(y) = 63*y**3. Let w be b(1). Suppose -4*k - 4*g - 244 = 0, -k + 4*g + 128 = -3*k. Let o = w + k. What is the greatest common divisor of 1 and o?
1
Let i = 37263 - 34638. What is the highest common divisor of 189 and i?
21
Let l(h) = 3418*h**2 - 89*h + 90. Let z be l(1). Calculate the highest common divisor of 26 and z.
13
Let t = -37 - -53. Let n = -23 + 23. Suppose n = -3*s - 0*s + 24. What is the greatest common factor of t and s?
8
Suppose 4*k + 145 = d, d - 150 = -5*k + 10*k. Let o(t) = -t - 16. Let g be o(-8). Let r be g/(-4)*1*25. What is the greatest common divisor of d and r?
25
Let i(g) = g**3 - 62*g**2 + 154*g - 42. Let t be i(60). Let u = 146 - 92. Calculate the highest common divisor of u and t.
54
Let i = -92 - -108. Let n be ((-45)/(-6))/((-8)/i). Let j be 4/((-40)/n)*26. Calculate the highest common factor of 273 and j.
39
Suppose -3*g - 5*i = -3*i - 144, -4*g + 172 = -4*i. Suppose g = 5*u - 3*z, 3*u - 42 = -4*z + z. Calculate the greatest common factor of u and 11.
11
Let h(j) = -j**2 - 8*j + 45. Let a be h(-11). Suppose 21*l = 93 + a. What is the highest common factor of l and 265?
5
Let k(v) = v**3 - 27*v**2 - 106. Let c be k(27). Let y be 0 - (c + 9 + -1). What is the greatest common factor of y and 14?
14
Suppose 0 = 22*p + p - 1104. Suppose 5 = 2*y - 7. Suppose -3*v = -y*v + 48. What is the highest common factor of p and v?
16
Let s(z) = 2*z + 13*z**2 - 7 - 7*z**2 - 9*z + 0*z - 4*z. Let j be s(5). What is the highest common factor of 286 and j?
22
Let i(v) = v**2 + 2*v - 39. Let a be i(-7). Let u be (a - 6/(-2)) + (393 - 2). Suppose -u = 4*p - 19*p. What is the greatest common divisor of 234 and p?
26
Suppose 0 = -4*u + 42 + 162. Let g = -3189 - -3546. Calculate the greatest common factor of g and u.
51
Let v(l) = 393*l - 29. Let f be v(3). Suppose -f = 224*y - 229*y. Calculate the greatest common divisor of 69 and y.
23
Let f = -75 + 225. Suppose f = 5*k - j - 0*j, 90 = 3*k + 5*j. Let x be ((-20)/9*-6)/((-4)/(-72)). What is the highest common divisor of k and x?
30
Suppose 170 = -49*a + 2914. What is the highest common factor of 301 and a?
7
Let n(b) = b**2 + 16*b - 45. Let l be n(-21). Suppose -l = 8*s - 7*s + 5*h, 5*h + 180 = -4*s. Let k = -28 - s. What is the highest common factor of k and 96?
12
Suppose 0 = -2*k + 5*u + 340, -u = 2*k - k - 177. Suppose 15*q = 12*q + 2043. Let l be q/27 + (-4)/18. Calculate the greatest common factor of l and k.
25
Suppose -76*j + 6223 + 7732 = 3087. What is the greatest common divisor of 221 and j?
13
Let x = -2 - 0. Let f be 59 - ((-8)/(-4))/x. Let o = -2352 + 2388. What is the highest common factor of o and f?
12
Suppose 46 = 3*m - 4*a, -5*a + 2*a + 81 = 3*m. Suppose -97*q - 55 = -98*q. What is the greatest common divisor of q and m?
11
Suppose -3*i + 2*w - 4338 = 0, -4*i = 2*w - w + 5773. Let n = i + 2484. Calculate the greatest common factor of 26 and n.
26
Suppose 0 = -6*g + 24*g - 36. Let i(h) = -h**2 + 10*h - 2. Let r be i(g). What is the greatest common divisor of r and 2?
2
Let i be ((-2016)/90)/(1/5). Let z be i/(-10) - (-7)/(-35). Let v = -7 + z. Calculate the greatest common factor of v and 4.
4
Let w = -3145 + 4849. Let p be (((-30)/(-4))/1)/(142/w). What is the greatest common factor of p and 54?
18
Suppose 49*b = 105*b - 90944. What is the greatest common divisor of b and 56?
56
Let y be 67*((3 - -1) + -3). Suppose -18*g = -14*g + 4*u - 528, g = 5*u + 144. Calculate the greatest common divisor of g and y.
67
Suppose 0 = 4*z - 20*z + 3387 + 39045. Calculate the highest common divisor of z and 1020.
204
Suppose -2*i + 26 = 30. Let l be (-3 - i)*-1*(-5 + 39). Suppose 3*f - 922 = -3*q + 4*f, -3*f = -2*q + 624. Calculate the greatest common factor of l and q.
34
Let i be (8/(-6) - (-6)/18) + -681. Let q = i + 692. What is the greatest common divisor of q and 40?
10
Let r = -14881 - -15058. What is the highest common factor of r and 6136?
59
Let q be (-2)/(-5) - (-16)/10. Suppose -144*x - 1051 = 513*x - 6307. What is the greatest common divisor of x and q?
2
Let r = 28533 + -28416. Calculate the greatest common divisor of 13806 and r.
117
Suppose m - 756 = 3*v, 2173 - 661 = 2*m - 3*v. Suppose -n = -3*p + 185 + 134, 0 = 3*p - 3*n - 309. What is the greatest common factor of p and m?
108
Let c be 4/2 - (8 + -116 - (8 + 0)). What is the greatest common factor of c and 2773?
59
Suppose i + 3*n + 10 = 0, -6*n + n = i + 10. Let o be (8/i)/((-6)/45). Calculate the highest common factor of o and 30.
6
Let k be 28*(-6)/(-32) + 3 + (-91)/28. What is the greatest common divisor of k and 8020?
5
Let i(z) = -z**2 - 56*z + 382. Let h be i(6). Calculate the greate